m - 22. Let v(u) = u**2 + u + 2. What is v(m)?
4
Let p(a) = 2*a - 2. Suppose -r + 37 = 34. Let n be 9/3 - 0 - r/(-3). Calculate p(n).
6
Let q(i) = i**2 + 3*i + 6. Suppose -3*b = -25 + 139. Let h be b/4 - -5 - 1/(-2). Determine q(h).
10
Let l(a) be the third derivative of a**8/20160 - a**6/144 + 23*a**5/60 + 35*a**2. Let s(t) be the third derivative of l(t). What is s(0)?
-5
Suppose 4*m - q = 19, m = 6*m - 5*q - 35. Let b(c) = -c**3 + 3*c**2 + 3*c - 1. Give b(m).
-5
Let k be ((-2)/(-3))/((-2)/3). Let j = 6 + -12. Let s(y) = 7*y + 7. Let l(p) = 14*p + 13. Let v(x) = j*l(x) + 11*s(x). Determine v(k).
6
Suppose 4 - 16 = -2*v. Let z be (v*2)/(-3 + 5). Let d(x) = z - 3 + x + 3. Determine d(-4).
2
Let f(n) be the third derivative of n**5/60 + n**4/8 - n**3/2 - 2*n**2. Suppose i + 3*h - 1 - 10 = 0, i - 4*h + 24 = 0. Give f(i).
1
Let h(d) = d**2 + 15*d + 13. Let n be (-18)/(-24) + -2 + (-102)/8. Give h(n).
-1
Let f(v) be the third derivative of v**4/24 - v**3/6 - v**2 + 4*v. Calculate f(0).
-1
Let n(j) be the first derivative of j**6/360 + j**5/24 - 7*j**4/24 - 3*j**3 + 10. Let s(y) be the third derivative of n(y). Calculate s(-5).
-7
Let n(s) = s**2 - 2*s. Let m(i) = -i**2 + 5*i + 4. Let x be m(4). Let q(c) = -3*c + 25. Let v be q(x). What is n(v)?
-1
Let t(j) = -2*j - 3. Let n = -16 + 24. Suppose -3*i + i - n = 0. What is t(i)?
5
Let d(m) = -m + 9. Suppose h + 2*g + 0*g + 2 = 0, -4*g - 40 = -4*h. Let i be 9/h*(-4)/6. Let y = 4 - i. Determine d(y).
4
Let i be (-2)/11 - (-20)/(-11). Let d be 10 + i - (-4 - -1 - -4). Let b(c) = c - 5. Calculate b(d).
2
Let c(l) = -l**2 - 6*l - 3. Let v be c(-4). Let j(q) = -6*q**2 + 10*q - 96. Let z(t) = t**2 - t + 19. Let u(m) = -j(m) - 5*z(m). Calculate u(v).
1
Let w be (-6 - -7)*-3 + 4/(-2). Let o(p) = -7*p - 27. What is o(w)?
8
Let p(t) = 2*t**2 + 14*t - 15. Let g = 821 - 829. Give p(g).
1
Let l(x) = -x**2 + 9. Let a = -162 - -70. Let s = a - -92. Determine l(s).
9
Let f be 2*1*4/(-8). Let c(x) = 15*x - 7*x - 5*x. Determine c(f).
-3
Let g be 1/2*(-312)/(-13). Suppose -j - 5*t + g = -11, -2*j + 2*t - 2 = 0. Let q(d) = d**2 - d - 1. Determine q(j).
5
Let j(x) = -7*x**3 - 7*x**3 + 2*x**2 + 2*x + 0*x**3 - 4 + 16*x**3. Calculate j(-3).
-46
Suppose 3*u - 4 = -1. Let f(y) = -y + 1. Let b(p) be the first derivative of -p**2 + 8*p + 17. Let x(i) = u*b(i) - 4*f(i). Calculate x(-3).
-2
Let r(g) = -g - 10. Let v(q) = 1. Let x(z) = -r(z) + 4*v(z). Give x(-8).
6
Suppose -3*c - 4*p + 44 = 0, -5*p - 41 - 9 = -5*c. Let d(y) = y**3 - 13*y**2 + 13*y - 12. What is d(c)?
0
Let h(x) = -x - 1. Suppose -3*a + 3*p = -3, p - 4 = -4*a + 2*p. Let g(k) = -k**2 - 11*k - 6. Let c(m) = a*g(m) - 5*h(m). Calculate c(-6).
-1
Let w be 132/20 - 4/(-10). Suppose 4*t + 1 = -11, -j + w = -2*t. Let i(o) be the first derivative of 5*o**4/4 - o**3/3 + 1. Calculate i(j).
4
Let w(h) be the first derivative of 4*h**3/3 - 15*h**2/2 - 2*h - 339. Give w(4).
2
Let f(g) be the first derivative of -7*g + 13 + 1/2*g**2. What is f(3)?
-4
Let u(r) = -126238*r - 1 - 3*r**2 + 126238*r. Calculate u(-2).
-13
Let i(g) = -16 + 26 - 12*g - 10 - 11. Suppose -2*f = 4*k + k - 47, 3*f = -3*k + 30. Let z(j) = -6*j - 5. Let w(y) = k*z(y) - 4*i(y). Calculate w(1).
-7
Let r(j) = -11*j + 25 + 2*j - 49 + 8*j + 22. Give r(1).
-3
Let i(u) = -3*u**2 - 3*u - 1. Suppose 0 = -61*h + 57*h - 16. Let x be (104/78)/(h/6). Give i(x).
-7
Suppose 9*k - 4*k - 3*g - 1 = 0, -k - 4*g + 14 = 0. Let b(y) be the first derivative of -1/3*y**3 + 0*y + 7/2*y**k + 3. Give b(4).
12
Let b(z) = -2*z + 3. Let r = 182 + -180. What is b(r)?
-1
Suppose 0 = -3*q + 3*l + 3, 3*q + 5*l = -0*q + 11. Let p(w) = 2*w - w - 54*w**q + 53*w**2 - 2. Suppose -2*a = -2*m - 8 + 4, 0 = -a - 3*m + 10. Determine p(a).
-14
Let o(u) = -u**3 + 15*u**2 + 17*u - 16. Let f(a) = a**3 - 15*a**2 - 17*a + 17. Let m(t) = -3*f(t) - 2*o(t). Give m(16).
-3
Let q = -12 + 17. Let h(w) = -11*w**3 - 8*w**2 - 6*w. Let d(t) = -18*t**3 - 15*t**2 - 10*t. Let j(i) = 3*d(i) - 5*h(i). Calculate j(q).
0
Suppose 2*t + 26 = 3*p, 8 = -4*t + 8*t. Let m = p + -17. Let r = m - -11. Let x(n) = -n**3 + 3*n**2 + n + 2. Calculate x(r).
-10
Let z(o) be the third derivative of -o**5/60 - o**4/8 + 7*o**3/3 - o**2 + 3. Give z(-6).
-4
Let b(t) = -t**2 + t - 15. Suppose q = 3*q - 108. Let d be (-2)/(-18) + (-6)/q. Determine b(d).
-15
Let h(n) = n - 3. Let s(c) = -2*c**2 - 31*c - 40. Let b be s(-14). Determine h(b).
-1
Let a(t) = -t + 5. Let f be 2/(-2) - (14 + -22). Let y be (30/f - -1) + 56/(-196). Calculate a(y).
0
Let l(c) = 2*c + 7. Let x(g) = -g**3 - 6*g**2 - 8*g + 3. Let a be x(-3). Determine l(a).
7
Let q(a) = -a**2 - a**2 + 4*a + 0*a + 7 - 1 + 2*a. Calculate q(6).
-30
Let z(b) = -b + 2. Let v be -6*(1 - 2)/2. Suppose 4 = v*q - q. Suppose -3*k = q*k - 5. Determine z(k).
1
Let i be (2/2)/(8/32). Suppose 6*f - 3*f - 4 = 5*t, 0 = -i*t - 3*f + 13. Let s(c) = 8*c + 1. Determine s(t).
9
Let i(y) be the third derivative of -y**6/120 - y**5/30 + y**3/3 - 60*y**2. What is i(2)?
-14
Let y = -91 + 171. Let c = -87 + y. Let v(i) = i**3 + 8*i**2 + 11*i + 10. Calculate v(c).
-18
Let w(r) be the second derivative of -r**4/12 + 2*r**3/3 - 2*r**2 - 14*r - 3. Calculate w(4).
-4
Let g(y) = 38*y - 5 + 6 - 26*y. Calculate g(-1).
-11
Let d(i) be the second derivative of i**5/20 - i**4/12 - 7*i**2/2 + 309*i. Let q be (-1 + 1)*1*1. Give d(q).
-7
Let i(a) be the second derivative of -a**5/20 + 5*a**4/12 - a**2/2 - 2*a + 3. Let t(l) = -l**3 + 11*l**2 - 10*l + 4. Let p be t(10). Calculate i(p).
15
Let c(k) = k + 3. Let w(t) = 2*t + 4. Let r(b) = 4*c(b) - 3*w(b). Suppose 0*o + o = 3. Suppose 4*x + p + 21 = 0, 0*x - 12 = o*x - 3*p. Calculate r(x).
10
Suppose -4 - 26 = -2*q. Let g(t) = -16 + 17 + q*t - 4*t. Give g(-1).
-10
Let i(l) = 5*l - 7. Let s be i(4). Let r(o) = -o**3 + 11*o**2 + 27*o - 10. Calculate r(s).
3
Let i(n) = 3*n**3 + 15*n**2 + 7*n + 16. Let t(s) = -7 - 3*s**3 - 3*s**2 - 4*s + 2*s**3 - 1 - 4*s**2. Let u(j) = 2*i(j) + 5*t(j). What is u(6)?
-8
Let z(l) = l - 8 + l - l. Let i be -7 + -4 - 627/(-57). Give z(i).
-8
Let a = -201 + 208. Let q(c) = -1 + 4 + 0 + 5*c - c**2. Calculate q(a).
-11
Let i(z) = z. Suppose -o - 3 = 4*u, 3*u + 2 = -1. Let j(h) = -4*h**2 + 1. Suppose 5*x - x - 4 = 0. Let c(l) = o*i(l) + x*j(l). What is c(2)?
-13
Let c = -127 + 129. Let j(n) = 7*n**2 + 2*n**c - 4*n**2 + 2 - 4*n + 1. Let h = 3 + -1. Calculate j(h).
15
Let t(r) = 918 - 4*r + r**3 - 933 + 2*r + 3*r. Calculate t(0).
-15
Let z = -9 - -15. Suppose 3*n - n = z. Let i(h) = -3*h**2 + 3 - 5*h - n*h**3 + 3 + 4*h**3. What is i(4)?
2
Let c(i) = 2*i + 2. Let s be (16/(-6))/((-4)/(-6)). Give c(s).
-6
Let k(q) = 3*q + q + 0*q + 0*q + 6 + 5*q - q**2. Suppose -2*d + 16 = -0. What is k(d)?
14
Let k(u) = -14*u + 2. Let d = 65 - 49. Suppose p - d = -3*p, 4*m = -2*p + 16. Calculate k(m).
-26
Let n(x) be the third derivative of x**6/120 - x**5/60 + x**4/24 - x**3/3 + 54*x**2. Determine n(2).
4
Let y = -270 - -260. Let q(h) = h**3 + 10*h**2 - 2*h - 12. Give q(y).
8
Let d(f) = 5*f**2 - f - 1. Let v(r) = 1. Let c(x) = 4*x - 22. Let t(y) = c(y) - 3*v(y). Let m be t(6). Give d(m).
5
Let l(g) = g**3 + 14*g**2 + 14*g + 9. Let t(p) = p**3 + 13*p**2 + 13*p + 8. Let k(v) = -4*l(v) + 5*t(v). What is k(-8)?
-4
Let m(b) = 2*b**2 - 5*b + 3. Let j(o) = -15*o - 3*o + 9*o - 5*o + 8 + 6*o**2. Let f(i) = -5*j(i) + 14*m(i). Determine f(2).
-6
Let d(b) be the third derivative of -5*b**4/24 - b**3/3 + 6*b**2. Suppose -8 = -3*g - 17. Calculate d(g).
13
Let l(j) = 15*j**2 - 14*j**2 - 10*j - 16 + 1. Calculate l(11).
-4
Suppose -26 + 14 = -4*z. Suppose -3*q - j = z*j + 5, q - 5*j - 30 = 0. Let y(a) be the first derivative of a**4/4 - 5*a**3/3 - a**2/2 + 2*a + 2. Determine y(q).
-3
Suppose -10 = 4*b - 0*b + 5*l, 3*l = -5*b - 6. Suppose b - 8 = -a. Suppose a = -5*i - 7. Let h(u) = -2*u + 1. Determine h(i).
7
Let b(t) = -5*t**2 + 15*t - 41. Let q(n) = -2*n**2 + 4*n - 14. Let x(i) = -3*b(i) + 8*q(i). Calculate x(-13).
11
Suppose 2*s + 31 = 5*s + 4*l, -4*l - 8 = 0. Let f = -7 + s. Let x(o) = -o**2 + 5*o + 6. Give x(f).
0
Let i(q) = 32763*q**3 + 0*q**2 - 9 - 2*q - 32764*q**3 - 7*q**2. Give i(-6).
-33
Suppose 0 = 5*s - 2*s - 48. Let a(d) = -3 - d**2 - 17*d - d**3 - s*d + 37*d. What is a(2)?
-7
Let m(a) = 4*a + 1. Let r(w) be the third derivative of w**